{"id":43,"date":"2015-08-16T17:24:09","date_gmt":"2015-08-16T15:24:09","guid":{"rendered":"http:\/\/www.gemeinsame-jugendarbeit.de\/wordpress\/?page_id=43"},"modified":"2023-09-08T08:02:14","modified_gmt":"2023-09-08T06:02:14","slug":"jugendliche","status":"publish","type":"page","link":"https:\/\/www.gemeinsame-jugendarbeit.de\/wordpress\/jugendliche\/","title":{"rendered":"Angebote f\u00fcr Jugendliche"},"content":{"rendered":"<h4 style=\"text-align: center;\"><b><a href=\"https:\/\/www.gemeinsame-jugendarbeit.de\/wordpress\/wp-content\/uploads\/2015\/08\/20140528_195825-1-1.jpg\"><br \/>\n<\/a><a href=\"https:\/\/www.gemeinsame-jugendarbeit.de\/wordpress\/?p=38\"><b>Kinder&nbsp;&nbsp;&nbsp; <\/b><\/a><a href=\"https:\/\/www.gemeinsame-jugendarbeit.de\/wordpress\/?p=52\"><b>Gottesdienste<\/b><\/a><a href=\"https:\/\/www.gemeinsame-jugendarbeit.de\/wordpress\/?p=52\"> &nbsp;&nbsp; <\/a><a href=\"https:\/\/www.gemeinsame-jugendarbeit.de\/wordpress\/?p=30\"><b>zur\u00fcck<\/b><\/a><\/b><\/h4>\n<p><big><br \/>\n<strong>QueensGarden &nbsp; <\/strong>M\u00e4dchen, ab 11 Jahre<br \/>\nmonatlich, samstags, Begegnungsst\u00e4tte Sch\u00f6tmar<\/big><br \/>\n<big><a href=\"https:\/\/i0.wp.com\/www.gemeinsame-jugendarbeit.de\/wordpress\/wp-content\/uploads\/2015\/08\/20140528_195825-1-1.jpg?ssl=1\"><img data-attachment-id=\"155\" data-permalink=\"https:\/\/www.gemeinsame-jugendarbeit.de\/wordpress\/jugendliche\/20140528_195825\/\" data-orig-file=\"https:\/\/i0.wp.com\/www.gemeinsame-jugendarbeit.de\/wordpress\/wp-content\/uploads\/2015\/08\/20140528_195825-1.jpg?fit=3264%2C2448&amp;ssl=1\" data-orig-size=\"3264,2448\" data-comments-opened=\"0\" data-image-meta=\"{&quot;aperture&quot;:&quot;2.65&quot;,&quot;credit&quot;:&quot;&quot;,&quot;camera&quot;:&quot;GT-I9100&quot;,&quot;caption&quot;:&quot;&quot;,&quot;created_timestamp&quot;:&quot;1401307105&quot;,&quot;copyright&quot;:&quot;&quot;,&quot;focal_length&quot;:&quot;4.03&quot;,&quot;iso&quot;:&quot;250&quot;,&quot;shutter_speed&quot;:&quot;0.05&quot;,&quot;title&quot;:&quot;&quot;,&quot;orientation&quot;:&quot;1&quot;}\" data-image-title=\"20140528_195825\" data-image-description=\"\" data-image-caption=\"\" data-medium-file=\"https:\/\/i0.wp.com\/www.gemeinsame-jugendarbeit.de\/wordpress\/wp-content\/uploads\/2015\/08\/20140528_195825-1.jpg?fit=300%2C225&amp;ssl=1\" data-large-file=\"https:\/\/i0.wp.com\/www.gemeinsame-jugendarbeit.de\/wordpress\/wp-content\/uploads\/2015\/08\/20140528_195825-1.jpg?fit=1000%2C750&amp;ssl=1\" fetchpriority=\"high\" decoding=\"async\" class=\"alignright size-medium wp-image-155\" src=\"https:\/\/i0.wp.com\/www.gemeinsame-jugendarbeit.de\/wordpress\/wp-content\/uploads\/2015\/08\/20140528_195825-1.jpg?resize=300%2C225&#038;ssl=1\" alt=\"20140528_195825\" width=\"300\" height=\"225\" srcset=\"https:\/\/i0.wp.com\/www.gemeinsame-jugendarbeit.de\/wordpress\/wp-content\/uploads\/2015\/08\/20140528_195825-1.jpg?resize=300%2C225&amp;ssl=1 300w, https:\/\/i0.wp.com\/www.gemeinsame-jugendarbeit.de\/wordpress\/wp-content\/uploads\/2015\/08\/20140528_195825-1.jpg?resize=768%2C576&amp;ssl=1 768w, https:\/\/i0.wp.com\/www.gemeinsame-jugendarbeit.de\/wordpress\/wp-content\/uploads\/2015\/08\/20140528_195825-1.jpg?resize=1024%2C768&amp;ssl=1 1024w, https:\/\/i0.wp.com\/www.gemeinsame-jugendarbeit.de\/wordpress\/wp-content\/uploads\/2015\/08\/20140528_195825-1.jpg?w=2000&amp;ssl=1 2000w, https:\/\/i0.wp.com\/www.gemeinsame-jugendarbeit.de\/wordpress\/wp-content\/uploads\/2015\/08\/20140528_195825-1.jpg?w=3000&amp;ssl=1 3000w\" sizes=\"(max-width: 300px) 100vw, 300px\" data-recalc-dims=\"1\" \/><\/a><br \/>\n<strong>Die Jungs&nbsp;&nbsp;&nbsp; <\/strong>Jungen, ab 11 Jahre<br \/>\nmontags, 18.00 &#8211; 19.30 Uhr, Trinitatiskirche<\/big><br \/>\n<big><br \/>\n<strong>SYou&nbsp;&nbsp;&nbsp;<\/strong>Jugendliche, ab 11 Jahre<br \/>\nmittwochs, 18.30 \u2013 20.00 Uhr, Vereinshaus Sylbach<br \/>\n<\/big><br \/>\n<big><strong>HIGH5 &nbsp; <\/strong>Jugendliche, ab 11 Jahre<br \/>\nmonatlich, sonntags, 17.00 \u2013 20.00 Uhr, Vereinshaus Sylbach<\/big><\/p>\n<h4 style=\"text-align: center;\">&nbsp;<\/h4>\n<p><strong>Jugendmitarbeiterkreise&nbsp;&nbsp;<\/strong>Jugendliche und Erwachsene<br \/>\nversch. Termine, Begegnungsst\u00e4tte Sch\u00f6tmar, Vereinshaus Sylbach<\/p>\n<p><strong>Katechumenenbegr\u00fc\u00dfungsfest,&nbsp;<\/strong>Jugendliche, ab 11 Jahre<br \/>\nSonntag im September, 11.00 &#8211; 13.00 Uhr, Kilianskirche<\/p>\n<p><strong>Churchnight&nbsp;&nbsp;<\/strong>Jugendliche und Erwachsene<br \/>\nEnde Oktober, versch. Aktionen und Orte<\/p>\n<p><strong>X-Konfifahrt&nbsp;&nbsp;&nbsp;<\/strong>Jugendliche, ab 13 Jahre<br \/>\n1x im Jahr, Tagesfahrt oder Wochenendfahrt<\/p>\n<p>&nbsp;<\/p>\n<p>&nbsp;<\/p>\n<p>&nbsp;<\/p>\n<p>&nbsp;<\/p>\n<p><strong><u>Veranstaltungsorte<\/u><\/strong><\/p>\n<p><strong>Begegnungsst\u00e4tte Sch\u00f6tmar&nbsp;&nbsp;&nbsp;&nbsp;&nbsp;&nbsp;&nbsp;&nbsp;&nbsp;&nbsp;&nbsp;&nbsp;&nbsp;&nbsp;&nbsp;&nbsp;&nbsp;&nbsp;&nbsp;&nbsp;&nbsp;&nbsp;&nbsp;&nbsp;&nbsp;&nbsp;&nbsp;&nbsp;&nbsp;&nbsp;&nbsp;&nbsp;&nbsp;&nbsp;&nbsp; Trinitatiskirche <\/strong>(ev.-luth.)<br \/>\nAm Kirchplatz 1, 32108 Bad Salzuflen&nbsp;&nbsp;&nbsp;&nbsp;&nbsp;&nbsp;&nbsp;&nbsp;&nbsp;&nbsp;&nbsp;&nbsp;&nbsp;&nbsp;&nbsp;&nbsp;&nbsp;&nbsp;&nbsp;&nbsp;&nbsp; &nbsp; &nbsp;&nbsp; &nbsp; Eduard-Wolff-Stra\u00dfe 19, 32108 Bad Salzuflen<\/p>\n<p><strong>Vereinshaus Sylbach<\/strong><br \/>\nLambrachtweg 10, 32791 Lage<\/p>\n<p>&nbsp;<\/p>\n<p>&nbsp;<\/p>\n<p>&nbsp;<\/p>\n<p>&nbsp;<\/p>\n<p>&nbsp;<\/p>\n<p>&nbsp;<\/p>\n","protected":false},"excerpt":{"rendered":"<p>Kinder&nbsp;&nbsp;&nbsp; Gottesdienste &nbsp;&nbsp; zur\u00fcck QueensGarden &nbsp; M\u00e4dchen, ab 11 Jahre monatlich, samstags, Begegnungsst\u00e4tte Sch\u00f6tmar Die Jungs&nbsp;&nbsp;&nbsp; Jungen, ab 11 Jahre montags, 18.00 &#8211; 19.30 Uhr, Trinitatiskirche SYou&nbsp;&nbsp;&nbsp;Jugendliche, ab 11 Jahre&#8230; <\/p>\n<div class=\"link-more\"><a href=\"https:\/\/www.gemeinsame-jugendarbeit.de\/wordpress\/jugendliche\/\">Weiterlesen<\/a><\/div>\n","protected":false},"author":1,"featured_media":0,"parent":0,"menu_order":0,"comment_status":"closed","ping_status":"closed","template":"","meta":{"ngg_post_thumbnail":0},"jetpack_sharing_enabled":true,"jetpack_shortlink":"https:\/\/wp.me\/P8sCNj-H","jetpack-related-posts":[{"id":52,"url":"https:\/\/www.gemeinsame-jugendarbeit.de\/wordpress\/gottesdienste\/","url_meta":{"origin":43,"position":0},"title":"Gottesdienste f\u00fcr Kinder und Jugendliche","author":"schwarze","date":"16. August 2015","format":false,"excerpt":"Kinder\u00a0\u00a0\u00a0 Jugendliche\u00a0\u00a0\u00a0 zur\u00fcck \u00a0 \u00a0 \u00a0 KiMiKi - KiliansMiniKirche\u00a0 f\u00fcr Kinder von 0-6 Jahre und Eltern 3x im Jahr, samstags, 15.30 Uhr, Kilianskirche Minigottesdienst \u00a0 f\u00fcr Kinder von 0-6 Jahre und Eltern 3x im Jahr,\u00a0\u00a0samstags, 16.00, Kirche Sylbach KiKiKi - KiliansKinderKirche f\u00fcr Kinder von 5-12 Jahre \u00a0\u00a0 jeden 3. Sonntag,\u2026","rel":"","context":"\u00c4hnlicher Beitrag","block_context":{"text":"\u00c4hnlicher Beitrag","link":""},"img":{"alt_text":"","src":"https:\/\/i0.wp.com\/www.gemeinsame-jugendarbeit.de\/wordpress\/wp-content\/uploads\/2015\/08\/yougo-1-300x225.jpg?resize=350%2C200","width":350,"height":200},"classes":[]},{"id":38,"url":"https:\/\/www.gemeinsame-jugendarbeit.de\/wordpress\/kinder\/","url_meta":{"origin":43,"position":1},"title":"Das gibt&#8217;s f\u00fcr Kinder","author":"schwarze","date":"16. August 2015","format":false,"excerpt":"Jugendliche \u00a0 Gottesdienste \u00a0\u00a0 zur\u00fcck \u00a0 \u00a0 CVJM Minijungschar - Kinder, 6-9 Jahre \u00a0\u00a0\u00a0\u00a0\u00a0\u00a0\u00a0\u00a0\u00a0 mittwochs, 17.00 \u2013 18.15 Uhr, Vereinshaus Sylbach CVJM Jungschar - Kinder, 9-12 Jahre \u00a0\u00a0\u00a0\u00a0\u00a0\u00a0\u00a0\u00a0\u00a0 freitags, 17.00 \u2013 18.30 Uhr, Vereinshaus Sylbach Jungschar Rasselbande - Kinder, 6-11 Jahre \u00a0\u00a0\u00a0\u00a0\u00a0\u00a0\u00a0\u00a0\u00a0 donnerstags, 16.00 \u2013 17.30 Uhr, Trinitatiskirche Kinderbibelwoche -\u2026","rel":"","context":"\u00c4hnlicher Beitrag","block_context":{"text":"\u00c4hnlicher Beitrag","link":""},"img":{"alt_text":"","src":"https:\/\/i0.wp.com\/www.gemeinsame-jugendarbeit.de\/wordpress\/wp-content\/uploads\/2015\/08\/DSC_0248-1.jpg?fit=1200%2C795&ssl=1&resize=350%2C200","width":350,"height":200,"srcset":"https:\/\/i0.wp.com\/www.gemeinsame-jugendarbeit.de\/wordpress\/wp-content\/uploads\/2015\/08\/DSC_0248-1.jpg?fit=1200%2C795&ssl=1&resize=350%2C200 1x, https:\/\/i0.wp.com\/www.gemeinsame-jugendarbeit.de\/wordpress\/wp-content\/uploads\/2015\/08\/DSC_0248-1.jpg?fit=1200%2C795&ssl=1&resize=525%2C300 1.5x, https:\/\/i0.wp.com\/www.gemeinsame-jugendarbeit.de\/wordpress\/wp-content\/uploads\/2015\/08\/DSC_0248-1.jpg?fit=1200%2C795&ssl=1&resize=700%2C400 2x, https:\/\/i0.wp.com\/www.gemeinsame-jugendarbeit.de\/wordpress\/wp-content\/uploads\/2015\/08\/DSC_0248-1.jpg?fit=1200%2C795&ssl=1&resize=1050%2C600 3x"},"classes":[]}],"publishpress_future_action":{"enabled":false,"date":"2026-05-07 05:20:16","action":"change-status","newStatus":"draft","terms":[],"taxonomy":""},"publishpress_future_workflow_manual_trigger":{"enabledWorkflows":[]},"_links":{"self":[{"href":"https:\/\/www.gemeinsame-jugendarbeit.de\/wordpress\/wp-json\/wp\/v2\/pages\/43"}],"collection":[{"href":"https:\/\/www.gemeinsame-jugendarbeit.de\/wordpress\/wp-json\/wp\/v2\/pages"}],"about":[{"href":"https:\/\/www.gemeinsame-jugendarbeit.de\/wordpress\/wp-json\/wp\/v2\/types\/page"}],"author":[{"embeddable":true,"href":"https:\/\/www.gemeinsame-jugendarbeit.de\/wordpress\/wp-json\/wp\/v2\/users\/1"}],"replies":[{"embeddable":true,"href":"https:\/\/www.gemeinsame-jugendarbeit.de\/wordpress\/wp-json\/wp\/v2\/comments?post=43"}],"version-history":[{"count":12,"href":"https:\/\/www.gemeinsame-jugendarbeit.de\/wordpress\/wp-json\/wp\/v2\/pages\/43\/revisions"}],"predecessor-version":[{"id":4216,"href":"https:\/\/www.gemeinsame-jugendarbeit.de\/wordpress\/wp-json\/wp\/v2\/pages\/43\/revisions\/4216"}],"wp:attachment":[{"href":"https:\/\/www.gemeinsame-jugendarbeit.de\/wordpress\/wp-json\/wp\/v2\/media?parent=43"}],"curies":[{"name":"wp","href":"https:\/\/api.w.org\/{rel}","templated":true}]}}

Angebote für Jugendliche

<h4 style="text-align: center;"><b><a href="https://www.gemeinsame-jugendarbeit.de/wordpress/wp-content/uploads/2015/08/20140528_195825-1-1.jpg"><br />
</a><a href="https://www.gemeinsame-jugendarbeit.de/wordpress/?p=38"><b>Kinder&nbsp;&nbsp;&nbsp; </b></a><a href="https://www.gemeinsame-jugendarbeit.de/wordpress/?p=52"><b>Gottesdienste</b></a><a href="https://www.gemeinsame-jugendarbeit.de/wordpress/?p=52"> &nbsp;&nbsp; </a><a href="https://www.gemeinsame-jugendarbeit.de/wordpress/?p=30"><b>zurück</b></a></b></h4>
<p><big><br />
<strong>QueensGarden &nbsp; </strong>Mädchen, ab 11 Jahre<br />
monatlich, samstags, Begegnungsstätte Schötmar</big><br />
<big><a href="https://i0.wp.com/www.gemeinsame-jugendarbeit.de/wordpress/wp-content/uploads/2015/08/20140528_195825-1-1.jpg?ssl=1"><img data-attachment-id="155" data-permalink="https://www.gemeinsame-jugendarbeit.de/wordpress/jugendliche/20140528_195825/" data-orig-file="https://i0.wp.com/www.gemeinsame-jugendarbeit.de/wordpress/wp-content/uploads/2015/08/20140528_195825-1.jpg?fit=3264%2C2448&amp;ssl=1" data-orig-size="3264,2448" data-comments-opened="0" data-image-meta="{&quot;aperture&quot;:&quot;2.65&quot;,&quot;credit&quot;:&quot;&quot;,&quot;camera&quot;:&quot;GT-I9100&quot;,&quot;caption&quot;:&quot;&quot;,&quot;created_timestamp&quot;:&quot;1401307105&quot;,&quot;copyright&quot;:&quot;&quot;,&quot;focal_length&quot;:&quot;4.03&quot;,&quot;iso&quot;:&quot;250&quot;,&quot;shutter_speed&quot;:&quot;0.05&quot;,&quot;title&quot;:&quot;&quot;,&quot;orientation&quot;:&quot;1&quot;}" data-image-title="20140528_195825" data-image-description="" data-image-caption="" data-medium-file="https://i0.wp.com/www.gemeinsame-jugendarbeit.de/wordpress/wp-content/uploads/2015/08/20140528_195825-1.jpg?fit=300%2C225&amp;ssl=1" data-large-file="https://i0.wp.com/www.gemeinsame-jugendarbeit.de/wordpress/wp-content/uploads/2015/08/20140528_195825-1.jpg?fit=1000%2C750&amp;ssl=1" fetchpriority="high" decoding="async" class="alignright size-medium wp-image-155" src="https://i0.wp.com/www.gemeinsame-jugendarbeit.de/wordpress/wp-content/uploads/2015/08/20140528_195825-1.jpg?resize=300%2C225&#038;ssl=1" alt="20140528_195825" width="300" height="225" srcset="https://i0.wp.com/www.gemeinsame-jugendarbeit.de/wordpress/wp-content/uploads/2015/08/20140528_195825-1.jpg?resize=300%2C225&amp;ssl=1 300w, https://i0.wp.com/www.gemeinsame-jugendarbeit.de/wordpress/wp-content/uploads/2015/08/20140528_195825-1.jpg?resize=768%2C576&amp;ssl=1 768w, https://i0.wp.com/www.gemeinsame-jugendarbeit.de/wordpress/wp-content/uploads/2015/08/20140528_195825-1.jpg?resize=1024%2C768&amp;ssl=1 1024w, https://i0.wp.com/www.gemeinsame-jugendarbeit.de/wordpress/wp-content/uploads/2015/08/20140528_195825-1.jpg?w=2000&amp;ssl=1 2000w, https://i0.wp.com/www.gemeinsame-jugendarbeit.de/wordpress/wp-content/uploads/2015/08/20140528_195825-1.jpg?w=3000&amp;ssl=1 3000w" sizes="(max-width: 300px) 100vw, 300px" data-recalc-dims="1" /></a><br />
<strong>Die Jungs&nbsp;&nbsp;&nbsp; </strong>Jungen, ab 11 Jahre<br />
montags, 18.00 &#8211; 19.30 Uhr, Trinitatiskirche</big><br />
<big><br />
<strong>SYou&nbsp;&nbsp;&nbsp;</strong>Jugendliche, ab 11 Jahre<br />
mittwochs, 18.30 – 20.00 Uhr, Vereinshaus Sylbach<br />
</big><br />
<big><strong>HIGH5 &nbsp; </strong>Jugendliche, ab 11 Jahre<br />
monatlich, sonntags, 17.00 – 20.00 Uhr, Vereinshaus Sylbach</big></p>
<h4 style="text-align: center;">&nbsp;</h4>
<p><strong>Jugendmitarbeiterkreise&nbsp;&nbsp;</strong>Jugendliche und Erwachsene<br />
versch. Termine, Begegnungsstätte Schötmar, Vereinshaus Sylbach</p>
<p><strong>Katechumenenbegrüßungsfest,&nbsp;</strong>Jugendliche, ab 11 Jahre<br />
Sonntag im September, 11.00 &#8211; 13.00 Uhr, Kilianskirche</p>
<p><strong>Churchnight&nbsp;&nbsp;</strong>Jugendliche und Erwachsene<br />
Ende Oktober, versch. Aktionen und Orte</p>
<p><strong>X-Konfifahrt&nbsp;&nbsp;&nbsp;</strong>Jugendliche, ab 13 Jahre<br />
1x im Jahr, Tagesfahrt oder Wochenendfahrt</p>
<p>&nbsp;</p>
<p>&nbsp;</p>
<p>&nbsp;</p>
<p>&nbsp;</p>
<p><strong><u>Veranstaltungsorte</u></strong></p>
<p><strong>Begegnungsstätte Schötmar&nbsp;&nbsp;&nbsp;&nbsp;&nbsp;&nbsp;&nbsp;&nbsp;&nbsp;&nbsp;&nbsp;&nbsp;&nbsp;&nbsp;&nbsp;&nbsp;&nbsp;&nbsp;&nbsp;&nbsp;&nbsp;&nbsp;&nbsp;&nbsp;&nbsp;&nbsp;&nbsp;&nbsp;&nbsp;&nbsp;&nbsp;&nbsp;&nbsp;&nbsp;&nbsp; Trinitatiskirche </strong>(ev.-luth.)<br />
Am Kirchplatz 1, 32108 Bad Salzuflen&nbsp;&nbsp;&nbsp;&nbsp;&nbsp;&nbsp;&nbsp;&nbsp;&nbsp;&nbsp;&nbsp;&nbsp;&nbsp;&nbsp;&nbsp;&nbsp;&nbsp;&nbsp;&nbsp;&nbsp;&nbsp; &nbsp; &nbsp;&nbsp; &nbsp; Eduard-Wolff-Straße 19, 32108 Bad Salzuflen</p>
<p><strong>Vereinshaus Sylbach</strong><br />
Lambrachtweg 10, 32791 Lage</p>
<p>&nbsp;</p>
<p>&nbsp;</p>
<p>&nbsp;</p>
<p>&nbsp;</p>
<p>&nbsp;</p>
<p>&nbsp;</p>

<p>Kinder&nbsp;&nbsp;&nbsp; Gottesdienste &nbsp;&nbsp; zurück QueensGarden &nbsp; Mädchen, ab 11 Jahre monatlich, samstags, Begegnungsstätte Schötmar Die Jungs&nbsp;&nbsp;&nbsp; Jungen, ab 11 Jahre montags, 18.00 &#8211; 19.30 Uhr, Trinitatiskirche SYou&nbsp;&nbsp;&nbsp;Jugendliche, ab 11 Jahre&#8230; </p>
<div class="link-more"><a href="https://www.gemeinsame-jugendarbeit.de/wordpress/jugendliche/">Weiterlesen</a></div>

Gottesdienste für Kinder und Jugendliche

Kinder    Jugendliche    zurück       KiMiKi - KiliansMiniKirche  für Kinder von 0-6 Jahre und Eltern 3x im Jahr, samstags, 15.30 Uhr, Kilianskirche Minigottesdienst   für Kinder von 0-6 Jahre und Eltern 3x im Jahr,  samstags, 16.00, Kirche Sylbach KiKiKi - KiliansKinderKirche für Kinder von 5-12 Jahre    jeden 3. Sonntag,…

Ähnlicher Beitrag

Das gibt&#8217;s für Kinder

Jugendliche   Gottesdienste    zurück     CVJM Minijungschar - Kinder, 6-9 Jahre           mittwochs, 17.00 – 18.15 Uhr, Vereinshaus Sylbach CVJM Jungschar - Kinder, 9-12 Jahre           freitags, 17.00 – 18.30 Uhr, Vereinshaus Sylbach Jungschar Rasselbande - Kinder, 6-11 Jahre           donnerstags, 16.00 – 17.30 Uhr, Trinitatiskirche Kinderbibelwoche -…
