{"id":73,"date":"2015-08-16T18:06:26","date_gmt":"2015-08-16T16:06:26","guid":{"rendered":"http:\/\/www.gemeinsame-jugendarbeit.de\/wordpress\/?page_id=73"},"modified":"2018-05-27T21:09:47","modified_gmt":"2018-05-27T19:09:47","slug":"links","status":"publish","type":"page","link":"https:\/\/www.gemeinsame-jugendarbeit.de\/wordpress\/links\/","title":{"rendered":"Links"},"content":{"rendered":"<h2>Hier findest Du Links zu den Kirchengemeinden, die zur Gemeinsamen Jugendarbeit geh\u00f6ren.<br \/>\nUnd weitere interessanten Seiten!<\/h2>\n<p><big><br \/>\n<a href=\"http:\/\/www.schoetmar.net\" target=\"_blank\">ev. &#8211; ref. Kirchengemeinde Sch\u00f6tmar<\/a><br \/>\n<a href=\"http:\/\/www.eluki-sk.de\" target=\"_blank\">ev. &#8211; luth. Kirchengemeinde Sch\u00f6tmar-Knetterheide<\/a><br \/>\n<a href=\"http:\/\/www.sylbach.de\" target=\"_blank\">ev. &#8211; ref. Kirchengemeinde Sylbach<\/a><br \/>\n<a href=\"http:\/\/www.cvjm-sylbach.de\" target=\"_blank\">CVJM Sylbach e.V.<\/a><\/p>\n<p>CVJM Sch\u00f6tmar-Werl Aspe e.V. (in Bearbeitung)<br \/>\n<a href=\"https:\/\/www.facebook.com\/events\/319865644880626\/\" target=\"_blank\">Ten Sing Knetterheide<\/a><br \/>\n<a href=\"http:\/\/www.cvjm-lippe.de\" target=\"_blank\">CVJM Lippe e.V.<\/a><br \/>\n<a href=\"http:\/\/www.lippische-landeskirche.de\/\" target=\"_blank\">Lippische Landeskirche<\/a><br \/>\n<a href=\"http:\/\/www.fcmg.de\/\" target=\"_blank\">FCMG<\/a><\/p>\n<p><a href=\"http:\/\/aton.jugendamt-bad-salzuflen.de\/\" target=\"_blank\">@on (Jugendzentrum Bad Salzuflen)<\/a><br \/>\n<a href=\"http:\/\/kjh-werl-aspe.de\/\" target=\"_blank\">KJH Werl-Aspe (Kinder- und Jugendhaus)<\/a><br \/>\n<a href=\"http:\/\/www.dksb-salzuflen.de\/startseite\/\" target=\"_blank\">DKSB (Deutscher Kinderschutzbund)<\/a><br \/>\n<a href=\"http:\/\/www.pro-regio-verein.de\/\" target=\"_blank\">ProRegio Bad Salzuflen<\/a><\/p>\n<p><\/big><\/p>\n<p>&nbsp;<\/p>\n<p>&nbsp;<\/p>\n","protected":false},"excerpt":{"rendered":"<p>Hier findest Du Links zu den Kirchengemeinden, die zur Gemeinsamen Jugendarbeit geh\u00f6ren. Und weitere interessanten Seiten! ev. &#8211; ref. Kirchengemeinde Sch\u00f6tmar ev. &#8211; luth. Kirchengemeinde Sch\u00f6tmar-Knetterheide ev. &#8211; ref. Kirchengemeinde&#8230; <\/p>\n<div class=\"link-more\"><a href=\"https:\/\/www.gemeinsame-jugendarbeit.de\/wordpress\/links\/\">Weiterlesen<\/a><\/div>\n","protected":false},"author":1,"featured_media":0,"parent":0,"menu_order":0,"comment_status":"closed","ping_status":"closed","template":"","meta":{"ngg_post_thumbnail":0},"jetpack_sharing_enabled":true,"jetpack_shortlink":"https:\/\/wp.me\/P8sCNj-1b","jetpack-related-posts":[{"id":38,"url":"https:\/\/www.gemeinsame-jugendarbeit.de\/wordpress\/kinder\/","url_meta":{"origin":73,"position":0},"title":"Das gibt&#8217;s f\u00fcr Kinder","author":"schwarze","date":"16. August 2015","format":false,"excerpt":"Jugendliche \u00a0 Gottesdienste \u00a0\u00a0 zur\u00fcck \u00a0 \u00a0 CVJM Minijungschar - Kinder, 6-9 Jahre \u00a0\u00a0\u00a0\u00a0\u00a0\u00a0\u00a0\u00a0\u00a0 mittwochs, 17.00 \u2013 18.15 Uhr, Vereinshaus Sylbach CVJM Jungschar - Kinder, 9-12 Jahre \u00a0\u00a0\u00a0\u00a0\u00a0\u00a0\u00a0\u00a0\u00a0 freitags, 17.00 \u2013 18.30 Uhr, Vereinshaus Sylbach Jungschar Rasselbande - Kinder, 6-11 Jahre \u00a0\u00a0\u00a0\u00a0\u00a0\u00a0\u00a0\u00a0\u00a0 donnerstags, 16.00 \u2013 17.30 Uhr, Trinitatiskirche Kinderbibelwoche -\u2026","rel":"","context":"\u00c4hnlicher Beitrag","block_context":{"text":"\u00c4hnlicher Beitrag","link":""},"img":{"alt_text":"","src":"https:\/\/i0.wp.com\/www.gemeinsame-jugendarbeit.de\/wordpress\/wp-content\/uploads\/2015\/08\/DSC_0248-1.jpg?fit=1200%2C795&ssl=1&resize=350%2C200","width":350,"height":200,"srcset":"https:\/\/i0.wp.com\/www.gemeinsame-jugendarbeit.de\/wordpress\/wp-content\/uploads\/2015\/08\/DSC_0248-1.jpg?fit=1200%2C795&ssl=1&resize=350%2C200 1x, https:\/\/i0.wp.com\/www.gemeinsame-jugendarbeit.de\/wordpress\/wp-content\/uploads\/2015\/08\/DSC_0248-1.jpg?fit=1200%2C795&ssl=1&resize=525%2C300 1.5x, https:\/\/i0.wp.com\/www.gemeinsame-jugendarbeit.de\/wordpress\/wp-content\/uploads\/2015\/08\/DSC_0248-1.jpg?fit=1200%2C795&ssl=1&resize=700%2C400 2x, https:\/\/i0.wp.com\/www.gemeinsame-jugendarbeit.de\/wordpress\/wp-content\/uploads\/2015\/08\/DSC_0248-1.jpg?fit=1200%2C795&ssl=1&resize=1050%2C600 3x"},"classes":[]},{"id":43,"url":"https:\/\/www.gemeinsame-jugendarbeit.de\/wordpress\/jugendliche\/","url_meta":{"origin":73,"position":1},"title":"Angebote f\u00fcr Jugendliche","author":"schwarze","date":"16. August 2015","format":false,"excerpt":"Kinder\u00a0\u00a0\u00a0 Gottesdienste \u00a0\u00a0 zur\u00fcck QueensGarden \u00a0 M\u00e4dchen, ab 11 Jahre monatlich, samstags, Begegnungsst\u00e4tte Sch\u00f6tmar Die Jungs\u00a0\u00a0\u00a0 Jungen, ab 11 Jahre montags, 18.00 - 19.30 Uhr, Trinitatiskirche SYou\u00a0\u00a0\u00a0Jugendliche, ab 11 Jahre mittwochs, 18.30 \u2013 20.00 Uhr, Vereinshaus Sylbach HIGH5 \u00a0 Jugendliche, ab 11 Jahre monatlich, sonntags, 17.00 \u2013 20.00 Uhr, Vereinshaus\u2026","rel":"","context":"\u00c4hnlicher Beitrag","block_context":{"text":"\u00c4hnlicher Beitrag","link":""},"img":{"alt_text":"","src":"https:\/\/i0.wp.com\/www.gemeinsame-jugendarbeit.de\/wordpress\/wp-content\/uploads\/2015\/08\/20140528_195825-1-300x225.jpg?resize=350%2C200","width":350,"height":200},"classes":[]},{"id":2378,"url":"https:\/\/www.gemeinsame-jugendarbeit.de\/wordpress\/cvjm-sylbach-spieleverleih-2020-2021\/","url_meta":{"origin":73,"position":2},"title":"CVJM Sylbach &#8211; Spieleverleih 2020\/2021","author":"schwarze","date":"28. Dezember 2020","format":false,"excerpt":"","rel":"","context":"\u00c4hnlicher Beitrag","block_context":{"text":"\u00c4hnlicher Beitrag","link":""},"img":{"alt_text":"","src":"","width":0,"height":0},"classes":[]},{"id":76,"url":"https:\/\/www.gemeinsame-jugendarbeit.de\/wordpress\/impressum-disclaimer\/","url_meta":{"origin":73,"position":3},"title":"Impressum &#038; Co.","author":"schwarze","date":"16. August 2015","format":false,"excerpt":"Impressum \u00a0 Gemeinsame Jugendarbeit den evangelischen Kirchengemeinden in Sch\u00f6tmar und Sylbach Axel Schwarze Vogelsang 5 32791 Lage 05232-696309 schwarze @ gemeinsame-jugendarbeit.de \u00a0 Rechtliche Hinweise Die Gemeinsame Jugendarbeit den evangelischen Kirchengemeinden in Sch\u00f6tmar und Sylbach stellt Ihnen dieses Angebot auf der Grundlage der nachfolgenden Nutzungsbedingungen und der untenstehenden Datenschutzerkl\u00e4rung zur Verf\u00fcgung.\u2026","rel":"","context":"\u00c4hnlicher Beitrag","block_context":{"text":"\u00c4hnlicher Beitrag","link":""},"img":{"alt_text":"","src":"","width":0,"height":0},"classes":[]},{"id":52,"url":"https:\/\/www.gemeinsame-jugendarbeit.de\/wordpress\/gottesdienste\/","url_meta":{"origin":73,"position":4},"title":"Gottesdienste f\u00fcr Kinder und Jugendliche","author":"schwarze","date":"16. August 2015","format":false,"excerpt":"Kinder\u00a0\u00a0\u00a0 Jugendliche\u00a0\u00a0\u00a0 zur\u00fcck \u00a0 \u00a0 \u00a0 KiMiKi - KiliansMiniKirche\u00a0 f\u00fcr Kinder von 0-6 Jahre und Eltern 3x im Jahr, samstags, 15.30 Uhr, Kilianskirche Minigottesdienst \u00a0 f\u00fcr Kinder von 0-6 Jahre und Eltern 3x im Jahr,\u00a0\u00a0samstags, 16.00, Kirche Sylbach KiKiKi - KiliansKinderKirche f\u00fcr Kinder von 5-12 Jahre \u00a0\u00a0 jeden 3. Sonntag,\u2026","rel":"","context":"\u00c4hnlicher Beitrag","block_context":{"text":"\u00c4hnlicher Beitrag","link":""},"img":{"alt_text":"","src":"https:\/\/i0.wp.com\/www.gemeinsame-jugendarbeit.de\/wordpress\/wp-content\/uploads\/2015\/08\/yougo-1-300x225.jpg?resize=350%2C200","width":350,"height":200},"classes":[]},{"id":1051,"url":"https:\/\/www.gemeinsame-jugendarbeit.de\/wordpress\/kontakt\/","url_meta":{"origin":73,"position":5},"title":"Kontakt","author":"schwarze","date":"27. Mai 2018","format":false,"excerpt":"Gemeinsame Jugendarbeit den evangelischen Kirchengemeinden in Sch\u00f6tmar und Sylbach Axel Schwarze Vogelsang 5 32791 Lage 05232-696309 kontakt@gemeinsame-jugendarbeit.de","rel":"","context":"\u00c4hnlicher Beitrag","block_context":{"text":"\u00c4hnlicher Beitrag","link":""},"img":{"alt_text":"","src":"","width":0,"height":0},"classes":[]}],"publishpress_future_action":{"enabled":false,"date":"2026-05-21 01:01:50","action":"change-status","newStatus":"draft","terms":[],"taxonomy":""},"publishpress_future_workflow_manual_trigger":{"enabledWorkflows":[]},"_links":{"self":[{"href":"https:\/\/www.gemeinsame-jugendarbeit.de\/wordpress\/wp-json\/wp\/v2\/pages\/73"}],"collection":[{"href":"https:\/\/www.gemeinsame-jugendarbeit.de\/wordpress\/wp-json\/wp\/v2\/pages"}],"about":[{"href":"https:\/\/www.gemeinsame-jugendarbeit.de\/wordpress\/wp-json\/wp\/v2\/types\/page"}],"author":[{"embeddable":true,"href":"https:\/\/www.gemeinsame-jugendarbeit.de\/wordpress\/wp-json\/wp\/v2\/users\/1"}],"replies":[{"embeddable":true,"href":"https:\/\/www.gemeinsame-jugendarbeit.de\/wordpress\/wp-json\/wp\/v2\/comments?post=73"}],"version-history":[{"count":1,"href":"https:\/\/www.gemeinsame-jugendarbeit.de\/wordpress\/wp-json\/wp\/v2\/pages\/73\/revisions"}],"predecessor-version":[{"id":1047,"href":"https:\/\/www.gemeinsame-jugendarbeit.de\/wordpress\/wp-json\/wp\/v2\/pages\/73\/revisions\/1047"}],"wp:attachment":[{"href":"https:\/\/www.gemeinsame-jugendarbeit.de\/wordpress\/wp-json\/wp\/v2\/media?parent=73"}],"curies":[{"name":"wp","href":"https:\/\/api.w.org\/{rel}","templated":true}]}}