{"id":76,"date":"2015-08-16T18:13:28","date_gmt":"2015-08-16T16:13:28","guid":{"rendered":"http:\/\/www.gemeinsame-jugendarbeit.de\/wordpress\/?page_id=76"},"modified":"2018-05-27T21:40:41","modified_gmt":"2018-05-27T19:40:41","slug":"impressum-disclaimer","status":"publish","type":"page","link":"https:\/\/www.gemeinsame-jugendarbeit.de\/wordpress\/impressum-disclaimer\/","title":{"rendered":"Impressum &#038; Co."},"content":{"rendered":"<h2>Impressum<\/h2>\n<p>&nbsp;<\/p>\n<p><strong>Gemeinsame Jugendarbeit den evangelischen Kirchengemeinden in Sch\u00f6tmar und Sylbach<\/strong><br \/>\nAxel Schwarze<br \/>\nVogelsang 5<br \/>\n32791 Lage<br \/>\n05232-696309<br \/>\nschwarze @ gemeinsame-jugendarbeit.de<\/p>\n<p>&nbsp;<\/p>\n<h3><strong>Rechtliche Hinweise<\/strong><\/h3>\n<p>Die Gemeinsame Jugendarbeit den evangelischen Kirchengemeinden in Sch\u00f6tmar und Sylbach stellt Ihnen dieses Angebot auf der Grundlage der nachfolgenden Nutzungsbedingungen und der untenstehenden Datenschutzerkl\u00e4rung zur Verf\u00fcgung. Mit der Nutzung unserer Seiten stimmen Sie diesen Bedingungen zu.<\/p>\n<p>&nbsp;<\/p>\n<ol>\n<li><strong> Haftungsbeschr\u00e4nkung <\/strong><\/li>\n<\/ol>\n<p>Die Inhalte dieser Website werden mit gr\u00f6\u00dftm\u00f6glicher Sorgfalt erstellt. Der Anbieter \u00fcbernimmt jedoch keine Gew\u00e4hr f\u00fcr die Richtigkeit, Vollst\u00e4ndigkeit und Aktualit\u00e4t der bereitgestellten Inhalte. Die Nutzung der Inhalte der Website erfolgt auf eigene Gefahr des Nutzers. Namentlich gekennzeichnete Beitr\u00e4ge geben die Meinung des jeweiligen Autors und nicht immer die Meinung des Anbieters wieder. Mit der reinen Nutzung der Website des Anbieters kommt keinerlei Vertragsverh\u00e4ltnis zwischen dem Nutzer und dem Anbieter zustande.<\/p>\n<p>&nbsp;<\/p>\n<ol start=\"2\">\n<li><strong> Externe Links <\/strong><\/li>\n<\/ol>\n<p>Diese Website enth\u00e4lt Verkn\u00fcpfungen zu Websites Dritter (&#8222;externe Links&#8220;). Diese Websites unterliegen der Haftung der jeweiligen Betreiber. Der Anbieter hat bei der erstmaligen Verkn\u00fcpfung der externen Links die fremden Inhalte daraufhin \u00fcberpr\u00fcft, ob etwaige Rechtsverst\u00f6\u00dfe bestehen. Zu dem Zeitpunkt waren keine Rechtsverst\u00f6\u00dfe ersichtlich. Der Anbieter hat keinerlei Einfluss auf die aktuelle und zuk\u00fcnftige Gestaltung und auf die Inhalte der verkn\u00fcpften Seiten. Das Setzen von externen Links bedeutet nicht, dass sich der Anbieter die hinter dem Verweis oder Link liegenden Inhalte zu Eigen macht. Eine st\u00e4ndige Kontrolle der externen Links ist f\u00fcr den Anbieter ohne konkrete Hinweise auf Rechtsverst\u00f6\u00dfe nicht zumutbar. Bei Kenntnis von Rechtsverst\u00f6\u00dfen werden jedoch derartige externe Links unverz\u00fcglich gel\u00f6scht.<\/p>\n<p>&nbsp;<\/p>\n<ol start=\"3\">\n<li><strong> E-Mail-Kommunikation <\/strong><\/li>\n<\/ol>\n<p>Die Gemeinsame Jugendarbeit den evangelischen Kirchengemeinden in Sch\u00f6tmar und Sylbach nutzt den Zugang f\u00fcr eine elektronische Kommunikation mittels E-Mail. Die auf dien Internetseiten und auf dem Briefbogen der Gemeinsame Jugendarbeit den evangelischen Kirchengemeinden in Sch\u00f6tmar und Sylbach&nbsp;bekannt gemachten E-Mail-Adressen k\u00f6nnen f\u00fcr allgemeine Mitteilungen genutzt werden.<\/p>\n<p>Wir weisen darauf hin, dass unverschl\u00fcsselte E-Mails \u00fcber das Internet unter Umst\u00e4nden auch von Unbefugten gelesen werden k\u00f6nnen. Vertrauliche Mitteilungen oder Dokumente, die eine \u201ebesondere Schriftform\u201c erfordern und\/oder fristgebunden sind, d\u00fcrfen deshalb nicht per E-Mail \u00fcbermittelt werden. Bitte \u00fcbermitteln Sie diese Dokumente per Post.<br \/>\nWenn Sie uns eine E-Mail senden, so wird Ihre E-Mail-Adresse nur f\u00fcr die Korrespondenz mit Ihnen verwendet.<\/p>\n<p>&nbsp;<\/p>\n<ol start=\"4\">\n<li><strong> Datenschutz <\/strong><\/li>\n<\/ol>\n<p>Hinweise zum Datenschutz entnehmen Sie bitte unserer <a href=\"https:\/\/www.gemeinsame-jugendarbeit.de\/wordpress\/datenschutzerklaerung\/\">Datenschutzerkl\u00e4rung<\/a>.<\/p>\n","protected":false},"excerpt":{"rendered":"<p>Impressum &nbsp; Gemeinsame Jugendarbeit den evangelischen Kirchengemeinden in Sch\u00f6tmar und Sylbach Axel Schwarze Vogelsang 5 32791 Lage 05232-696309 schwarze @ gemeinsame-jugendarbeit.de &nbsp; Rechtliche Hinweise Die Gemeinsame Jugendarbeit den evangelischen Kirchengemeinden&#8230; <\/p>\n<div class=\"link-more\"><a href=\"https:\/\/www.gemeinsame-jugendarbeit.de\/wordpress\/impressum-disclaimer\/\">Weiterlesen<\/a><\/div>\n","protected":false},"author":1,"featured_media":0,"parent":0,"menu_order":0,"comment_status":"closed","ping_status":"closed","template":"","meta":{"ngg_post_thumbnail":0},"jetpack_sharing_enabled":true,"jetpack_shortlink":"https:\/\/wp.me\/P8sCNj-1e","jetpack-related-posts":[{"id":1051,"url":"https:\/\/www.gemeinsame-jugendarbeit.de\/wordpress\/kontakt\/","url_meta":{"origin":76,"position":0},"title":"Kontakt","author":"schwarze","date":"27. Mai 2018","format":false,"excerpt":"Gemeinsame Jugendarbeit den evangelischen Kirchengemeinden in Sch\u00f6tmar und Sylbach Axel Schwarze Vogelsang 5 32791 Lage 05232-696309 kontakt@gemeinsame-jugendarbeit.de","rel":"","context":"\u00c4hnlicher Beitrag","block_context":{"text":"\u00c4hnlicher Beitrag","link":""},"img":{"alt_text":"","src":"","width":0,"height":0},"classes":[]},{"id":1042,"url":"https:\/\/www.gemeinsame-jugendarbeit.de\/wordpress\/datenschutzerklaerung\/","url_meta":{"origin":76,"position":1},"title":"Datenschutzerkl\u00e4rung","author":"schwarze","date":"27. Mai 2018","format":false,"excerpt":"Datenschutzerkl\u00e4rung\u00a0 \u00a0 Zweck dieser Datenschutzerkl\u00e4rung Die Gemeinsame Jugendarbeit der evangelischen Kirchengemeinden in Sch\u00f6tmar und Sylbach nimmt den Schutz personenbezogener Daten sehr ernst. Wir behandeln Ihre personenbezogenen Daten vertraulich und entsprechend der gesetzlichen Datenschutzvorschriften sowie dieser Datenschutzerkl\u00e4rung. \u00a0 Personenbezogene Daten Personenbezogene Daten sind Informationen, die dazu genutzt werden k\u00f6nnen, ihre Identit\u00e4t\u2026","rel":"","context":"\u00c4hnlicher Beitrag","block_context":{"text":"\u00c4hnlicher Beitrag","link":""},"img":{"alt_text":"","src":"","width":0,"height":0},"classes":[]},{"id":73,"url":"https:\/\/www.gemeinsame-jugendarbeit.de\/wordpress\/links\/","url_meta":{"origin":76,"position":2},"title":"Links","author":"schwarze","date":"16. August 2015","format":false,"excerpt":"Hier findest Du Links zu den Kirchengemeinden, die zur Gemeinsamen Jugendarbeit geh\u00f6ren. Und weitere interessanten Seiten! ev. - ref. Kirchengemeinde Sch\u00f6tmar ev. - luth. Kirchengemeinde Sch\u00f6tmar-Knetterheide ev. - ref. Kirchengemeinde Sylbach CVJM Sylbach e.V. CVJM Sch\u00f6tmar-Werl Aspe e.V. (in Bearbeitung) Ten Sing Knetterheide CVJM Lippe e.V. Lippische Landeskirche FCMG @on\u2026","rel":"","context":"\u00c4hnlicher Beitrag","block_context":{"text":"\u00c4hnlicher Beitrag","link":""},"img":{"alt_text":"","src":"","width":0,"height":0},"classes":[]},{"id":43,"url":"https:\/\/www.gemeinsame-jugendarbeit.de\/wordpress\/jugendliche\/","url_meta":{"origin":76,"position":3},"title":"Angebote f\u00fcr Jugendliche","author":"schwarze","date":"16. August 2015","format":false,"excerpt":"Kinder\u00a0\u00a0\u00a0 Gottesdienste \u00a0\u00a0 zur\u00fcck QueensGarden \u00a0 M\u00e4dchen, ab 11 Jahre monatlich, samstags, Begegnungsst\u00e4tte Sch\u00f6tmar Die Jungs\u00a0\u00a0\u00a0 Jungen, ab 11 Jahre montags, 18.00 - 19.30 Uhr, Trinitatiskirche SYou\u00a0\u00a0\u00a0Jugendliche, ab 11 Jahre mittwochs, 18.30 \u2013 20.00 Uhr, Vereinshaus Sylbach HIGH5 \u00a0 Jugendliche, ab 11 Jahre monatlich, sonntags, 17.00 \u2013 20.00 Uhr, Vereinshaus\u2026","rel":"","context":"\u00c4hnlicher Beitrag","block_context":{"text":"\u00c4hnlicher Beitrag","link":""},"img":{"alt_text":"","src":"https:\/\/i0.wp.com\/www.gemeinsame-jugendarbeit.de\/wordpress\/wp-content\/uploads\/2015\/08\/20140528_195825-1-300x225.jpg?resize=350%2C200","width":350,"height":200},"classes":[]},{"id":558,"url":"https:\/\/www.gemeinsame-jugendarbeit.de\/wordpress\/archiv\/","url_meta":{"origin":76,"position":4},"title":"Archiv","author":"schwarze","date":"4. Juli 2017","format":false,"excerpt":"Hier findest Du \u00e4ltere Berichte \u00fcber verschiedenste Aktionen: 23. Juni 2017 Luther - Fahndung erfolgreich: Katechumenen und Konfirmanden aus den ref. Bezirken I und II machten sich am 13.06. erfolgreich auf die Suche nach - wem sonst - Martin Luther. Der gro\u00dfe Reformator war im Keller der \u00f6rtlichen Begegnungsst\u00e4tte einfach\u2026","rel":"","context":"\u00c4hnlicher Beitrag","block_context":{"text":"\u00c4hnlicher Beitrag","link":""},"img":{"alt_text":"","src":"https:\/\/i0.wp.com\/www.gemeinsame-jugendarbeit.de\/wordpress\/wp-content\/uploads\/2017\/05\/20170326_182323-300x225.jpg?resize=350%2C200","width":350,"height":200},"classes":[]},{"id":2123,"url":"https:\/\/www.gemeinsame-jugendarbeit.de\/wordpress\/kibiwo-mal-anders\/","url_meta":{"origin":76,"position":5},"title":"Kibiwo mal anders","author":"schwarze","date":"21. Oktober 2020","format":false,"excerpt":"\u00a0 Kinderbibelwochebei Dir zu Hause Leider kann die Kinderbibelwoche in Sch\u00f6tmar coronabedingt nicht stattfinden, aber \"Kirche Unterwegs\" (von denen wir f\u00fcr unsere Kinderbibelwochen die Materialien bekommen), hat eine Online-KiBiWo erstellt.Dazu geh\u00f6rt jeweils ein Video mit Liedern, eine Geschichte und Spiele und Bastelvorschl\u00e4ge. Das, was ihr daf\u00fcr braucht, wird in den\u2026","rel":"","context":"\u00c4hnlicher Beitrag","block_context":{"text":"\u00c4hnlicher Beitrag","link":""},"img":{"alt_text":"","src":"https:\/\/i0.wp.com\/www.gemeinsame-jugendarbeit.de\/wordpress\/wp-content\/uploads\/2018\/02\/kibiwo_mauer-1.png?resize=350%2C200&ssl=1","width":350,"height":200,"srcset":"https:\/\/i0.wp.com\/www.gemeinsame-jugendarbeit.de\/wordpress\/wp-content\/uploads\/2018\/02\/kibiwo_mauer-1.png?resize=350%2C200&ssl=1 1x, https:\/\/i0.wp.com\/www.gemeinsame-jugendarbeit.de\/wordpress\/wp-content\/uploads\/2018\/02\/kibiwo_mauer-1.png?resize=525%2C300&ssl=1 1.5x"},"classes":[]}],"publishpress_future_action":{"enabled":false,"date":"2026-05-08 01:17:54","action":"change-status","newStatus":"draft","terms":[],"taxonomy":""},"publishpress_future_workflow_manual_trigger":{"enabledWorkflows":[]},"_links":{"self":[{"href":"https:\/\/www.gemeinsame-jugendarbeit.de\/wordpress\/wp-json\/wp\/v2\/pages\/76"}],"collection":[{"href":"https:\/\/www.gemeinsame-jugendarbeit.de\/wordpress\/wp-json\/wp\/v2\/pages"}],"about":[{"href":"https:\/\/www.gemeinsame-jugendarbeit.de\/wordpress\/wp-json\/wp\/v2\/types\/page"}],"author":[{"embeddable":true,"href":"https:\/\/www.gemeinsame-jugendarbeit.de\/wordpress\/wp-json\/wp\/v2\/users\/1"}],"replies":[{"embeddable":true,"href":"https:\/\/www.gemeinsame-jugendarbeit.de\/wordpress\/wp-json\/wp\/v2\/comments?post=76"}],"version-history":[{"count":5,"href":"https:\/\/www.gemeinsame-jugendarbeit.de\/wordpress\/wp-json\/wp\/v2\/pages\/76\/revisions"}],"predecessor-version":[{"id":1050,"href":"https:\/\/www.gemeinsame-jugendarbeit.de\/wordpress\/wp-json\/wp\/v2\/pages\/76\/revisions\/1050"}],"wp:attachment":[{"href":"https:\/\/www.gemeinsame-jugendarbeit.de\/wordpress\/wp-json\/wp\/v2\/media?parent=76"}],"curies":[{"name":"wp","href":"https:\/\/api.w.org\/{rel}","templated":true}]}}

<h2>Impressum</h2>
<p>&nbsp;</p>
<p><strong>Gemeinsame Jugendarbeit den evangelischen Kirchengemeinden in Schötmar und Sylbach</strong><br />
Axel Schwarze<br />
Vogelsang 5<br />
32791 Lage<br />
05232-696309<br />
schwarze @ gemeinsame-jugendarbeit.de</p>
<p>&nbsp;</p>
<h3><strong>Rechtliche Hinweise</strong></h3>
<p>Die Gemeinsame Jugendarbeit den evangelischen Kirchengemeinden in Schötmar und Sylbach stellt Ihnen dieses Angebot auf der Grundlage der nachfolgenden Nutzungsbedingungen und der untenstehenden Datenschutzerklärung zur Verfügung. Mit der Nutzung unserer Seiten stimmen Sie diesen Bedingungen zu.</p>
<p>&nbsp;</p>
<ol>
<li><strong> Haftungsbeschränkung </strong></li>
</ol>
<p>Die Inhalte dieser Website werden mit größtmöglicher Sorgfalt erstellt. Der Anbieter übernimmt jedoch keine Gewähr für die Richtigkeit, Vollständigkeit und Aktualität der bereitgestellten Inhalte. Die Nutzung der Inhalte der Website erfolgt auf eigene Gefahr des Nutzers. Namentlich gekennzeichnete Beiträge geben die Meinung des jeweiligen Autors und nicht immer die Meinung des Anbieters wieder. Mit der reinen Nutzung der Website des Anbieters kommt keinerlei Vertragsverhältnis zwischen dem Nutzer und dem Anbieter zustande.</p>
<p>&nbsp;</p>
<ol start="2">
<li><strong> Externe Links </strong></li>
</ol>
<p>Diese Website enthält Verknüpfungen zu Websites Dritter (&#8222;externe Links&#8220;). Diese Websites unterliegen der Haftung der jeweiligen Betreiber. Der Anbieter hat bei der erstmaligen Verknüpfung der externen Links die fremden Inhalte daraufhin überprüft, ob etwaige Rechtsverstöße bestehen. Zu dem Zeitpunkt waren keine Rechtsverstöße ersichtlich. Der Anbieter hat keinerlei Einfluss auf die aktuelle und zukünftige Gestaltung und auf die Inhalte der verknüpften Seiten. Das Setzen von externen Links bedeutet nicht, dass sich der Anbieter die hinter dem Verweis oder Link liegenden Inhalte zu Eigen macht. Eine ständige Kontrolle der externen Links ist für den Anbieter ohne konkrete Hinweise auf Rechtsverstöße nicht zumutbar. Bei Kenntnis von Rechtsverstößen werden jedoch derartige externe Links unverzüglich gelöscht.</p>
<p>&nbsp;</p>
<ol start="3">
<li><strong> E-Mail-Kommunikation </strong></li>
</ol>
<p>Die Gemeinsame Jugendarbeit den evangelischen Kirchengemeinden in Schötmar und Sylbach nutzt den Zugang für eine elektronische Kommunikation mittels E-Mail. Die auf dien Internetseiten und auf dem Briefbogen der Gemeinsame Jugendarbeit den evangelischen Kirchengemeinden in Schötmar und Sylbach&nbsp;bekannt gemachten E-Mail-Adressen können für allgemeine Mitteilungen genutzt werden.</p>
<p>Wir weisen darauf hin, dass unverschlüsselte E-Mails über das Internet unter Umständen auch von Unbefugten gelesen werden können. Vertrauliche Mitteilungen oder Dokumente, die eine „besondere Schriftform“ erfordern und/oder fristgebunden sind, dürfen deshalb nicht per E-Mail übermittelt werden. Bitte übermitteln Sie diese Dokumente per Post.<br />
Wenn Sie uns eine E-Mail senden, so wird Ihre E-Mail-Adresse nur für die Korrespondenz mit Ihnen verwendet.</p>
<p>&nbsp;</p>
<ol start="4">
<li><strong> Datenschutz </strong></li>
</ol>
<p>Hinweise zum Datenschutz entnehmen Sie bitte unserer <a href="https://www.gemeinsame-jugendarbeit.de/wordpress/datenschutzerklaerung/">Datenschutzerklärung</a>.</p>

<p>Impressum &nbsp; Gemeinsame Jugendarbeit den evangelischen Kirchengemeinden in Schötmar und Sylbach Axel Schwarze Vogelsang 5 32791 Lage 05232-696309 schwarze @ gemeinsame-jugendarbeit.de &nbsp; Rechtliche Hinweise Die Gemeinsame Jugendarbeit den evangelischen Kirchengemeinden&#8230; </p>
<div class="link-more"><a href="https://www.gemeinsame-jugendarbeit.de/wordpress/impressum-disclaimer/">Weiterlesen</a></div>

Gemeinsame Jugendarbeit den evangelischen Kirchengemeinden in Schötmar und Sylbach Axel Schwarze Vogelsang 5 32791 Lage 05232-696309 kontakt@gemeinsame-jugendarbeit.de

Ähnlicher Beitrag

Datenschutzerklärung

Datenschutzerklärung    Zweck dieser Datenschutzerklärung Die Gemeinsame Jugendarbeit der evangelischen Kirchengemeinden in Schötmar und Sylbach nimmt den Schutz personenbezogener Daten sehr ernst. Wir behandeln Ihre personenbezogenen Daten vertraulich und entsprechend der gesetzlichen Datenschutzvorschriften sowie dieser Datenschutzerklärung.   Personenbezogene Daten Personenbezogene Daten sind Informationen, die dazu genutzt werden können, ihre Identität…

Hier findest Du Links zu den Kirchengemeinden, die zur Gemeinsamen Jugendarbeit gehören. Und weitere interessanten Seiten! ev. - ref. Kirchengemeinde Schötmar ev. - luth. Kirchengemeinde Schötmar-Knetterheide ev. - ref. Kirchengemeinde Sylbach CVJM Sylbach e.V. CVJM Schötmar-Werl Aspe e.V. (in Bearbeitung) Ten Sing Knetterheide CVJM Lippe e.V. Lippische Landeskirche FCMG @on…

Angebote für Jugendliche

Kinder    Gottesdienste    zurück QueensGarden   Mädchen, ab 11 Jahre monatlich, samstags, Begegnungsstätte Schötmar Die Jungs    Jungen, ab 11 Jahre montags, 18.00 - 19.30 Uhr, Trinitatiskirche SYou   Jugendliche, ab 11 Jahre mittwochs, 18.30 – 20.00 Uhr, Vereinshaus Sylbach HIGH5   Jugendliche, ab 11 Jahre monatlich, sonntags, 17.00 – 20.00 Uhr, Vereinshaus…

Hier findest Du ältere Berichte über verschiedenste Aktionen: 23. Juni 2017 Luther - Fahndung erfolgreich: Katechumenen und Konfirmanden aus den ref. Bezirken I und II machten sich am 13.06. erfolgreich auf die Suche nach - wem sonst - Martin Luther. Der große Reformator war im Keller der örtlichen Begegnungsstätte einfach…

Kinderbibelwochebei Dir zu Hause Leider kann die Kinderbibelwoche in Schötmar coronabedingt nicht stattfinden, aber "Kirche Unterwegs" (von denen wir für unsere Kinderbibelwochen die Materialien bekommen), hat eine Online-KiBiWo erstellt.Dazu gehört jeweils ein Video mit Liedern, eine Geschichte und Spiele und Bastelvorschläge. Das, was ihr dafür braucht, wird in den…
